{"id":778,"date":"2025-03-01T11:01:01","date_gmt":"2025-03-01T10:01:01","guid":{"rendered":"https:\/\/actenn.fr\/?page_id=778"},"modified":"2025-03-01T18:40:25","modified_gmt":"2025-03-01T17:40:25","slug":"cse-cssct","status":"publish","type":"page","link":"https:\/\/actenn.fr\/?page_id=778","title":{"rendered":"Formation sant\u00e9 s\u00e9curit\u00e9 et conditions de travail des membres du Comit\u00e9 Social et \u00c9conomique (CSE) et de la Commission sant\u00e9 s\u00e9curit\u00e9 et conditions de travail (CSSCT)*"},"content":{"rendered":"\n<p>* Selon article L2315-18 du CDT<\/p>\n\n\n\n<figure class=\"wp-block-image size-full is-resized\"><a href=\"https:\/\/actenn.fr\/wp-content\/uploads\/2023\/12\/LogoCSE.jpg\"><img loading=\"lazy\" decoding=\"async\" width=\"960\" height=\"720\" src=\"https:\/\/actenn.fr\/wp-content\/uploads\/2023\/12\/LogoCSE.jpg\" alt=\"\" class=\"wp-image-1067\" style=\"width:326px;height:auto\" srcset=\"https:\/\/actenn.fr\/wp-content\/uploads\/2023\/12\/LogoCSE.jpg 960w, https:\/\/actenn.fr\/wp-content\/uploads\/2023\/12\/LogoCSE-300x225.jpg 300w, https:\/\/actenn.fr\/wp-content\/uploads\/2023\/12\/LogoCSE-768x576.jpg 768w, https:\/\/actenn.fr\/wp-content\/uploads\/2023\/12\/LogoCSE-750x563.jpg 750w\" sizes=\"auto, (max-width: 960px) 100vw, 960px\" \/><\/a><\/figure>\n\n\n\n<h2 class=\"wp-block-heading\"><strong>Programme de formation CSE \/ CSSCT en SSCT (5 jours)<\/strong><\/h2>\n\n\n\n<div class=\"wp-block-buttons is-content-justification-center is-layout-flex wp-container-core-buttons-is-layout-16018d1d wp-block-buttons-is-layout-flex\">\n<div class=\"wp-block-button has-custom-font-size is-style-outline has-medium-font-size is-style-outline--1\"><a class=\"wp-block-button__link has-black-color has-luminous-vivid-amber-background-color has-text-color has-background wp-element-button\" href=\"https:\/\/actenn.fr\/wp-content\/uploads\/2024\/04\/Programme-formation-CSE-Actenn.pdf\" style=\"border-radius:100px\">T\u00e9l\u00e9charger le programme<\/a><\/div>\n<\/div>\n\n\n\n<div class=\"wp-block-group\"><div class=\"wp-block-group__inner-container is-layout-flow wp-block-group-is-layout-flow\">\n<h2 class=\"wp-block-heading\">Prochaines sessions INTER<\/h2>\n\n\n\n<p>Le nombre de stagiaires est limit\u00e9 \u00e0 7 par module.<\/p>\n<\/div><\/div>\n\n\n\n<figure class=\"wp-block-table is-style-stripes\"><table class=\"has-black-color has-text-color has-link-color has-fixed-layout\"><thead><tr><th>Module<\/th><th>Dates Sessions<\/th><th>Lieu de formation<\/th><th class=\"has-text-align-center\" data-align=\"center\">NB de places disponibles <\/th><\/tr><\/thead><tbody><tr><td><strong>Formation 1er mandat (5 jours)<br>effectif <\/strong>&lt; 50<strong> salari\u00e9s<\/strong><\/td><td>26, 27 mars 2,3,4 avril 2025<\/td><td>Station P <br>(Plougastel-Daoulas) <\/td><td class=\"has-text-align-center\" data-align=\"center\">4<\/td><\/tr><tr><td><strong>Formation 1er mandat (5 jours)<br>effectif <\/strong>&lt; 50 <strong>salari\u00e9s<\/strong><\/td><td>17, 18, 25, 26, 27 juin 2025<\/td><td>Station P <br>(Plougastel-Daoulas)<\/td><td class=\"has-text-align-center\" data-align=\"center\">7<\/td><\/tr><tr><td><strong>Formation 1er mandat (5 jours),<br>effectif <\/strong>>= 50<strong> salari\u00e9s<\/strong><\/td><td>27,28 mai 4, 5, 6 juin 2025<\/td><td>Station P <br>(Plougastel-Daoulas) <\/td><td class=\"has-text-align-center\" data-align=\"center\">7<\/td><\/tr><\/tbody><\/table><figcaption class=\"wp-element-caption\"><br><strong>Profil animatrice<\/strong> : Intervenante en pr\u00e9vention des risques professionnels (r\u00e9alise document unique, animation de d\u00e9marche SSCT, diagnostic risques psychosociaux&#8230;) enregistr\u00e9e aupr\u00e8s de la DREETS Bretagne, signataire de la charte pr\u00e9vention Risques psychosociaux de Bretagne, pratiquant la formation depuis 20 ans. <br>Agr\u00e9ment formation CSE\/CSSCT \u00e0 la sant\u00e9 s\u00e9curit\u00e9 aupr\u00e8s de la DREETS Bretagne.<\/figcaption><\/figure>\n\n\n\n<p><\/p>\n\n\n\n<h2 class=\"wp-block-heading has-luminous-vivid-amber-color has-text-color\">Formulaire de Contact<\/h2>\n\n\n<div class=\"wpforms-container wpforms-container-full wpforms-block wpforms-block-a1259930-f048-44c3-b5e5-647ea3133f85 wpforms-render-modern\" id=\"wpforms-792\"><form id=\"wpforms-form-792\" class=\"wpforms-validate wpforms-form wpforms-ajax-form\" data-formid=\"792\" method=\"post\" enctype=\"multipart\/form-data\" action=\"\/index.php?rest_route=%2Fwp%2Fv2%2Fpages%2F778\" data-token=\"c5054bf2619e2a624ff50aefaddb0032\" data-token-time=\"1777720650\"><noscript class=\"wpforms-error-noscript\">Veuillez activer JavaScript dans votre navigateur pour remplir ce formulaire.<\/noscript><div class=\"wpforms-hidden\" id=\"wpforms-error-noscript\">Veuillez activer JavaScript dans votre navigateur pour remplir ce formulaire.<\/div><div class=\"wpforms-field-container\"><div id=\"wpforms-792-field_0-container\" class=\"wpforms-field wpforms-field-name\" data-field-id=\"0\"><fieldset><legend class=\"wpforms-field-label\">Vous \u00eates&#8230; <span class=\"wpforms-required-label\" aria-hidden=\"true\">*<\/span><\/legend><div class=\"wpforms-field-row wpforms-field-large\"><div class=\"wpforms-field-row-block wpforms-first wpforms-one-half\"><input type=\"text\" id=\"wpforms-792-field_0\" class=\"wpforms-field-name-first wpforms-field-required\" name=\"wpforms[fields][0][first]\" aria-errormessage=\"wpforms-792-field_0-error\" required><label for=\"wpforms-792-field_0\" class=\"wpforms-field-sublabel after\">Pr\u00e9nom<\/label><\/div><div class=\"wpforms-field-row-block wpforms-one-half\"><input type=\"text\" id=\"wpforms-792-field_0-last\" class=\"wpforms-field-name-last wpforms-field-required\" name=\"wpforms[fields][0][last]\" aria-errormessage=\"wpforms-792-field_0-last-error\" required><label for=\"wpforms-792-field_0-last\" class=\"wpforms-field-sublabel after\">Nom<\/label><\/div><\/div><\/fieldset><\/div><div id=\"wpforms-792-field_1-container\" class=\"wpforms-field wpforms-field-email\" data-field-id=\"1\"><label class=\"wpforms-field-label\" for=\"wpforms-792-field_1\">Votre courriel <span class=\"wpforms-required-label\" aria-hidden=\"true\">*<\/span><\/label><input type=\"email\" id=\"wpforms-792-field_1\" class=\"wpforms-field-medium wpforms-field-required\" name=\"wpforms[fields][1]\" spellcheck=\"false\" aria-errormessage=\"wpforms-792-field_1-error\" required><\/div><div id=\"wpforms-792-field_3-container\" class=\"wpforms-field wpforms-field-text\" data-field-id=\"3\"><label class=\"wpforms-field-label\" for=\"wpforms-792-field_3\">Nom de votre entreprise ou \u00e9tablissement&#8230; <span class=\"wpforms-required-label\" aria-hidden=\"true\">*<\/span><\/label><input type=\"text\" id=\"wpforms-792-field_3\" class=\"wpforms-field-medium wpforms-field-required\" name=\"wpforms[fields][3]\" aria-errormessage=\"wpforms-792-field_3-error\" required><\/div><div id=\"wpforms-792-field_4-container\" class=\"wpforms-field wpforms-field-checkbox\" data-field-id=\"4\"><fieldset><legend class=\"wpforms-field-label\">Votre entreprise compte <span class=\"wpforms-required-label\" aria-hidden=\"true\">*<\/span><\/legend><ul id=\"wpforms-792-field_4\" class=\"wpforms-field-required\"><li class=\"choice-1 depth-1\"><input type=\"checkbox\" id=\"wpforms-792-field_4_1\" name=\"wpforms[fields][4][]\" value=\"moins de 50 salari\u00e9s\" aria-errormessage=\"wpforms-792-field_4_1-error\" required ><label class=\"wpforms-field-label-inline\" for=\"wpforms-792-field_4_1\">moins de 50 salari\u00e9s<\/label><\/li><li class=\"choice-2 depth-1\"><input type=\"checkbox\" id=\"wpforms-792-field_4_2\" name=\"wpforms[fields][4][]\" value=\"entre 50 et 300 salari\u00e9s\" aria-errormessage=\"wpforms-792-field_4_2-error\" required ><label class=\"wpforms-field-label-inline\" for=\"wpforms-792-field_4_2\">entre 50 et 300 salari\u00e9s<\/label><\/li><li class=\"choice-3 depth-1\"><input type=\"checkbox\" id=\"wpforms-792-field_4_3\" name=\"wpforms[fields][4][]\" value=\"plus de 300 salari\u00e9s\" aria-errormessage=\"wpforms-792-field_4_3-error\" required ><label class=\"wpforms-field-label-inline\" for=\"wpforms-792-field_4_3\">plus de 300 salari\u00e9s<\/label><\/li><\/ul><\/fieldset><\/div><div id=\"wpforms-792-field_5-container\" class=\"wpforms-field wpforms-field-radio\" data-field-id=\"5\"><fieldset><legend class=\"wpforms-field-label\">Vous souhaitez des informations sur les formations suivantes <span class=\"wpforms-required-label\" aria-hidden=\"true\">*<\/span><\/legend><ul id=\"wpforms-792-field_5\" class=\"wpforms-field-required\"><li class=\"choice-1 depth-1\"><input type=\"radio\" id=\"wpforms-792-field_5_1\" name=\"wpforms[fields][5]\" value=\"Formation CSE en Sant\u00e9 s\u00e9curit\u00e9 et CT - 1er mandat ( dur\u00e9e 5 jours)\" aria-errormessage=\"wpforms-792-field_5_1-error\" required ><label class=\"wpforms-field-label-inline\" for=\"wpforms-792-field_5_1\">Formation CSE en Sant\u00e9 s\u00e9curit\u00e9 et CT &#8211; 1er mandat ( dur\u00e9e 5 jours)<\/label><\/li><li class=\"choice-2 depth-1\"><input type=\"radio\" id=\"wpforms-792-field_5_2\" name=\"wpforms[fields][5]\" value=\"Formation CSE en Sant\u00e9 s\u00e9curit\u00e9 et CT - renouvellement (dur\u00e9e 3 jours)\" aria-errormessage=\"wpforms-792-field_5_2-error\" required ><label class=\"wpforms-field-label-inline\" for=\"wpforms-792-field_5_2\">Formation CSE en Sant\u00e9 s\u00e9curit\u00e9 et CT &#8211; renouvellement (dur\u00e9e 3 jours)<\/label><\/li><li class=\"choice-3 depth-1\"><input type=\"radio\" id=\"wpforms-792-field_5_3\" name=\"wpforms[fields][5]\" value=\"Formation du (des) Salari\u00e9-e(s) d\u00e9sign\u00e9-\u00e9(s) comp\u00e9tent(e) en SSCT (dur\u00e9e 5 jours)\" aria-errormessage=\"wpforms-792-field_5_3-error\" required ><label class=\"wpforms-field-label-inline\" for=\"wpforms-792-field_5_3\">Formation du (des) Salari\u00e9-e(s) d\u00e9sign\u00e9-\u00e9(s) comp\u00e9tent(e) en SSCT (dur\u00e9e 5 jours)<\/label><\/li><li class=\"choice-4 depth-1\"><input type=\"radio\" id=\"wpforms-792-field_5_4\" name=\"wpforms[fields][5]\" value=\"autre motif de contact\" aria-errormessage=\"wpforms-792-field_5_4-error\" required ><label class=\"wpforms-field-label-inline\" for=\"wpforms-792-field_5_4\">autre motif de contact<\/label><\/li><\/ul><\/fieldset><\/div><div id=\"wpforms-792-field_6-container\" class=\"wpforms-field wpforms-field-number\" data-field-id=\"6\"><label class=\"wpforms-field-label\" for=\"wpforms-792-field_6\">Nombre de personnes \u00e0 former<\/label><input type=\"number\" id=\"wpforms-792-field_6\" class=\"wpforms-field-medium\" name=\"wpforms[fields][6]\" aria-errormessage=\"wpforms-792-field_6-error\" ><\/div><div id=\"wpforms-792-field_2-container\" class=\"wpforms-field wpforms-field-textarea\" data-field-id=\"2\"><label class=\"wpforms-field-label\" for=\"wpforms-792-field_2\">Commentaire ou message<\/label><textarea id=\"wpforms-792-field_2\" class=\"wpforms-field-medium\" name=\"wpforms[fields][2]\" aria-errormessage=\"wpforms-792-field_2-error\" ><\/textarea><\/div><div id=\"wpforms-792-field_7-container\" class=\"wpforms-field wpforms-field-gdpr-checkbox\" data-field-id=\"7\"><label class=\"wpforms-field-label\">Accord RGPD <span class=\"wpforms-required-label\" aria-hidden=\"true\">*<\/span><\/label><ul id=\"wpforms-792-field_7\" class=\"wpforms-field-required\"><li class=\"choice-1\"><input type=\"checkbox\" id=\"wpforms-792-field_7_1\" name=\"wpforms[fields][7][]\" value=\"Je consens \u00e0 ce que le site stocke les informations envoy\u00e9es afin qu\u2019Actenn puisse r\u00e9pondre \u00e0 ma requ\u00eate.\" aria-errormessage=\"wpforms-792-field_7_1-error\" required ><label class=\"wpforms-field-label-inline\" for=\"wpforms-792-field_7_1\">Je consens \u00e0 ce que le site stocke les informations envoy\u00e9es afin qu\u2019Actenn puisse r\u00e9pondre \u00e0 ma requ\u00eate.<\/label><\/li><\/ul><\/div><\/div><!-- .wpforms-field-container --><div class=\"wpforms-submit-container\" ><input type=\"hidden\" name=\"wpforms[id]\" value=\"792\"><input type=\"hidden\" name=\"page_title\" value=\"\"><input type=\"hidden\" name=\"page_url\" value=\"https:\/\/actenn.fr\/index.php?rest_route=\/wp\/v2\/pages\/778\"><button type=\"submit\" name=\"wpforms[submit]\" id=\"wpforms-submit-792\" class=\"wpforms-submit\" data-alt-text=\"Envoi...\" data-submit-text=\"Envoyer\" aria-live=\"assertive\" value=\"wpforms-submit\">Envoyer<\/button><img loading=\"lazy\" decoding=\"async\" src=\"https:\/\/actenn.fr\/wp-content\/plugins\/wpforms-lite\/assets\/images\/submit-spin.svg\" class=\"wpforms-submit-spinner\" style=\"display: none;\" width=\"26\" height=\"26\" alt=\"Chargement en cours\"><\/div><\/form><\/div>  <!-- .wpforms-container -->","protected":false},"excerpt":{"rendered":"<p>* Selon article L2315-18 du CDT Programme de formation CSE \/ CSSCT en SSCT (5 jours) Prochaines sessions INTER Le nombre de stagiaires est limit\u00e9 \u00e0 7 par module. Module Dates Sessions Lieu de formation NB de places disponibles Formation 1er mandat (5 jours)effectif &lt; 50 salari\u00e9s 26, 27 mars 2,3,4 avril 2025 Station P&hellip;<a href=\"https:\/\/actenn.fr\/?page_id=778\" class=\"more-link\">Continue reading <span class=\"screen-reader-text\">Formation sant\u00e9 s\u00e9curit\u00e9 et conditions de travail des membres du Comit\u00e9 Social et \u00c9conomique (CSE) et de la Commission sant\u00e9 s\u00e9curit\u00e9 et conditions de travail (CSSCT)*<\/span><\/a><\/p>\n","protected":false},"author":1,"featured_media":0,"parent":6,"menu_order":2,"comment_status":"closed","ping_status":"closed","template":"","meta":{"footnotes":""},"class_list":["post-778","page","type-page","status-publish","hentry"],"_links":{"self":[{"href":"https:\/\/actenn.fr\/index.php?rest_route=\/wp\/v2\/pages\/778","targetHints":{"allow":["GET"]}}],"collection":[{"href":"https:\/\/actenn.fr\/index.php?rest_route=\/wp\/v2\/pages"}],"about":[{"href":"https:\/\/actenn.fr\/index.php?rest_route=\/wp\/v2\/types\/page"}],"author":[{"embeddable":true,"href":"https:\/\/actenn.fr\/index.php?rest_route=\/wp\/v2\/users\/1"}],"replies":[{"embeddable":true,"href":"https:\/\/actenn.fr\/index.php?rest_route=%2Fwp%2Fv2%2Fcomments&post=778"}],"version-history":[{"count":33,"href":"https:\/\/actenn.fr\/index.php?rest_route=\/wp\/v2\/pages\/778\/revisions"}],"predecessor-version":[{"id":1113,"href":"https:\/\/actenn.fr\/index.php?rest_route=\/wp\/v2\/pages\/778\/revisions\/1113"}],"up":[{"embeddable":true,"href":"https:\/\/actenn.fr\/index.php?rest_route=\/wp\/v2\/pages\/6"}],"wp:attachment":[{"href":"https:\/\/actenn.fr\/index.php?rest_route=%2Fwp%2Fv2%2Fmedia&parent=778"}],"curies":[{"name":"wp","href":"https:\/\/api.w.org\/{rel}","templated":true}]}}